vided by 8.
7
Calculate the remainder when 32 is divided by 25.
7
Calculate the remainder when 68 is divided by 35.
33
Calculate the remainder when 6631 is divided by 141.
4
Calculate the remainder when 153 is divided by 72.
9
Calculate the remainder when 483 is divided by 22.
21
What is the remainder when 1472 is divided by 1468?
4
Calculate the remainder when 128 is divided by 32.
0
What is the remainder when 213 is divided by 36?
33
What is the remainder when 142 is divided by 5?
2
Calculate the remainder when 228 is divided by 48.
36
What is the remainder when 11930 is divided by 97?
96
Calculate the remainder when 166 is divided by 38.
14
What is the remainder when 1497 is divided by 60?
57
Calculate the remainder when 3085 is divided by 52.
17
What is the remainder when 1572 is divided by 83?
78
Calculate the remainder when 2153 is divided by 53.
33
What is the remainder when 780 is divided by 71?
70
Calculate the remainder when 187 is divided by 19.
16
What is the remainder when 72 is divided by 6?
0
What is the remainder when 2583 is divided by 39?
9
Calculate the remainder when 1768 is divided by 877.
14
Calculate the remainder when 250 is divided by 63.
61
Calculate the remainder when 4386 is divided by 367.
349
What is the remainder when 1455 is divided by 81?
78
Calculate the remainder when 52 is divided by 23.
6
Calculate the remainder when 201 is divided by 57.
30
Calculate the remainder when 2881 is divided by 919.
124
Calculate the remainder when 418 is divided by 28.
26
What is the remainder when 402 is divided by 196?
10
What is the remainder when 353 is divided by 96?
65
Calculate the remainder when 182 is divided by 5.
2
What is the remainder when 100 is divided by 27?
19
What is the remainder when 236 is divided by 60?
56
Calculate the remainder when 604 is divided by 76.
72
Calculate the remainder when 5331 is divided by 13.
1
Calculate the remainder when 1519 is divided by 756.
7
Calculate the remainder when 287 is divided by 119.
49
Calculate the remainder when 223 is divided by 48.
31
Calculate the remainder when 148 is divided by 40.
28
What is the remainder when 102 is divided by 21?
18
What is the remainder when 305 is divided by 28?
25
What is the remainder when 181 is divided by 11?
5
What is the remainder when 107 is divided by 12?
11
What is the remainder when 21900 is divided by 181?
180
What is the remainder when 3610 is divided by 13?
9
What is the remainder when 68 is divided by 24?
20
What is the remainder when 141 is divided by 37?
30
Calculate the remainder when 256 is divided by 13.
9
What is the remainder when 437 is divided by 11?
8
Calculate the remainder when 515 is divided by 87.
80
Calculate the remainder when 47 is divided by 16.
15
Calculate the remainder when 78 is divided by 59.
19
What is the remainder when 284 is divided by 53?
19
What is the remainder when 3722 is divided by 1861?
0
Calculate the remainder when 1107 is divided by 48.
3
What is the remainder when 568 is divided by 282?
4
Calculate the remainder when 129 is divided by 64.
1
Calculate the remainder when 4462 is divided by 154.
150
Calculate the remainder when 467 is divided by 61.
40
What is the remainder when 477 is divided by 96?
93
What is the remainder when 951 is divided by 187?
16
What is the remainder when 2841 is divided by 22?
3
Calculate the remainder when 4322 is divided by 46.
44
What is the remainder when 2305 is divided by 15?
10
What is the remainder when 81 is divided by 21?
18
What is the remainder when 455 is divided by 16?
7
Calculate the remainder when 2213 is divided by 41.
40
What is the remainder when 150 is divided by 72?
6
Calculate the remainder when 569 is divided by 72.
65
What is the remainder when 30072 is divided by 15?
12
Calculate the remainder when 345 is divided by 31.
4
What is the remainder when 176 is divided by 168?
8
What is the remainder when 202 is divided by 87?
28
Calculate the remainder when 222 is divided by 56.
54
What is the remainder when 16319 is divided by 53?
48
What is the remainder when 42 is divided by 10?
2
What is the remainder when 826 is divided by 80?
26
What is the remainder when 2056 is divided by 43?
35
Calculate the remainder when 33 is divided by 19.
14
Calculate the remainder when 74 is divided by 26.
22
What is the remainder when 131 is divided by 9?
5
Calculate the remainder when 7172 is divided by 5.
2
Calculate the remainder when 49 is divided by 12.
1
What is the remainder when 4 is divided by 2?
0
What is the remainder when 74 is divided by 25?
24
Calculate the remainder when 317 is divided by 74.
21
What is the remainder when 4848 is divided by 7?
4
Calculate the remainder when 759 is divided by 10.
9
Calculate the remainder when 6987 is divided by 2325.
12
Calculate the remainder when 65 is divided by 2.
1
Calculate the remainder when 131 is divided by 11.
10
What is the remainder when 3503 is divided by 11?
5
What is the remainder when 224 is divided by 71?
11
Calculate the remainder when 3692 is divided by 1227.
11
Calculate the remainder when 921 is divided by 21.
18
What is the remainder when 128 is divided by 2?
0
Calculate the remainder when 186 is divided by 13.
4
What is the remainder when 1164 is divided by 387?
3
Calculate the remainder when 418 is divided by 63.
40
What is the remainder when 298 is divided by 84?
46
Calculate the remainder when 527 is divided by 178.
171
Calculate the remainder when 129 is divided by 27.
21
What is the remainder when 97 is divided by 11?
9
What is the remainder when 1014 is divided by 255?
249
Calculate the remainder when 200 is divided by 45.
20
Calculate the remainder when 66 is divided by 58.
8
What is the remainder when 103 is divided by 27?
22
What is the remainder when 1130 is divided by 36?
14
What is the remainder when 1456 is divided by 43?
37
What is the remainder when 516 is divided by 213?
90
What is the remainder when 480 is divided by 200?
80
Calculate the remainder when 404 is divided by 34.
30
Calculate the remainder when 203 is divided by 68.
67
What is the remainder when 4 is divided by 1?
0
Calculate the remainder when 275 is divided by 170.
105
What is the remainder when 172 is divided by 16?
12
Calculate the remainder when 65 is divided by 51.
14
What is the remainder when 619 is divided by 26?
21
What is the remainder when 275 is divided by 40?
35
What is the remainder when 1140 is divided by 112?
20
What is the remainder when 20 is divided by 16?
4
Calculate the remainder when 4257 is divided by 1410.
27
What is the remainder when 496 is divided by 73?
58
What is the remainder when 3207 is divided by 111?
99
Calculate the remainder when 847 is divided by 234.
145
Calculate the remainder when 37 is divided by 12.
1
What is the remainder when 3738 is divided by 43?
40
What is the remainder when 249 is divided by 129?
120
What is the remainder when 1126 is divided by 360?
46
What is the remainder when 329 is divided by 95?
44
What is the remainder when 712 is divided by 78?
10
Calculate the remainder when 2377 is divided by 28.
25
What is the remainder when 62 is divided by 9?
8
Calculate the remainder when 155 is divided by 51.
2
What is the remainder when 103 is divided by 18?
13
What is the remainder when 1637 is divided by 61?
51
What is the remainder when 313 is divided by 81?
70
Calculate the remainder when 1557 is divided by 78.
75
Calculate the remainder when 10334 is divided by 10.
4
What is the remainder when 4604 is divided by 14?
12
Calculate the remainder when 101 is divided by 46.
9
Calculate the remainder when 82 is divided by 16.
2
What is the remainder when 1129 is divided by 39?
37
Calculate the remainder when 335 is divided by 26.
23
What is the remainder when 2005 is divided by 4?
1
What is the remainder when 1620 is divided by 772?
76
Calculate the remainder when 753 is divided by 30.
3
What is the remainder when 340 is divided by 162?
16
Calculate the remainder when 143 is divided by 17.
7
What is the remainder when 367 is divided by 37?
34
What is the remainder when 1361 is divided by 22?
19
Calculate the remainder when 1013 is divided by 7.
5
Calculate the remainder when 111 is divided by 57.
54
What is the remainder when 17 is divided by 11?
6
Calculate the rema